- ((-11)/(-4) - 2). Let d = 4 + 4. What is the highest common factor of d and w?
8
Let m = 27 + -16. Let d(q) = -2*q - 18. Let o be d(-10). Suppose -110 = -o*u - 3*u. What is the greatest common divisor of u and m?
11
Let w be -413*(-20)/(-105)*-12. Calculate the greatest common factor of w and 16.
16
Suppose 0 = -2*q - 0*q + 82. Let d be q - (-2 + -1 + 4). Calculate the highest common divisor of d and 20.
20
Suppose 0 = 5*o + 4*k - 164, -3*o + k + k + 116 = 0. Calculate the greatest common divisor of o and 24.
12
Suppose 99 = 3*p - 2*p. Suppose 2*m = -3*m - 10. Let s be (-2 - -3)/(m/(-18)). What is the highest common factor of s and p?
9
Let t be ((-144)/15)/(-2)*5. Let d(i) = i**2 - 8*i + 12. Suppose -14*a + 9*a + 40 = 0. Let p be d(a). What is the highest common factor of p and t?
12
Let w = -1318 - -1322. Calculate the highest common divisor of 28 and w.
4
Suppose 0 = -5*p + 25 - 5. Suppose p*w + 5*x = 4*x + 810, 2*x + 4 = 0. What is the highest common factor of w and 29?
29
Let q be 68/(-6)*(-2)/4*45. What is the greatest common divisor of q and 15?
15
Let k(u) = 0*u + u**3 + 10 - 22 + u - 12*u**2. Let r be k(12). Let f be (r + 6/(-8))*-24. What is the greatest common factor of f and 72?
18
Let p(f) = 25*f**3 - 10*f**2 + 26*f - 13. Let z be p(3). What is the greatest common factor of 26 and z?
26
Suppose -2*o = 3*z + z - 100, o + z = 55. Let i be 1752/o - 8/(-10). What is the highest common divisor of 12 and i?
6
Let y(d) = -d**3 - 28*d**2 - 30*d + 263. Let l be y(-27). What is the greatest common divisor of l and 258?
86
Let v be -8*(1 + (-15)/18)*-3. Let t = v + 51. What is the greatest common factor of 22 and t?
11
Let a(j) be the first derivative of j**2/2 + 30*j - 5. Let c be a(-15). What is the greatest common factor of c and 135?
15
Let h(d) = 2*d**3 - 4*d**2 + 2*d + 4. Let w be (-2 + -7)*2*(-2)/12. Let t be h(w). What is the highest common divisor of 70 and t?
14
Let c(q) = -7*q + 51. Let n be c(1). Calculate the greatest common factor of n and 297.
11
Let l be 6/(-14 + 18 + (-285)/72). What is the highest common divisor of 160 and l?
16
Let g(f) = 3*f - 34. Let s be g(11). Let j be (-268)/(-10) - (8/10 + s). Calculate the greatest common factor of j and 81.
27
Suppose -3*t - 4*b + 968 = 0, 4*t + 7*b - 1288 = 3*b. What is the greatest common factor of t and 64?
64
Let t be 18/8 + (-10)/40. Suppose 4*p + r = 3*r + 1158, 1425 = 5*p + t*r. Calculate the greatest common factor of p and 41.
41
Let j = 15 - -33. Calculate the highest common divisor of j and 72.
24
Suppose -14*i + 55 = -9*i. What is the greatest common divisor of 11 and i?
11
Let t(v) = 2*v**2 - 95*v - 102. Let u be t(49). What is the greatest common factor of 10 and u?
5
Suppose 4*o + 44 = 2*r, 11*r - 6*r = -5*o + 125. Let t = -163 + 331. Calculate the greatest common divisor of t and r.
24
Suppose 18*v - 50*v + 14432 = 0. Calculate the greatest common divisor of v and 205.
41
Suppose 2*k = -k - 4*n + 2, -3*k = 3*n - 6. Let h be 2/5 + (-9)/(-15). Suppose -h + 4 = x. What is the highest common factor of x and k?
3
Suppose 5*y - g = 228, 3 = 5*g + 18. Suppose -y*s + 51*s = 330. Calculate the greatest common factor of 22 and s.
11
Suppose 3*l + 338 - 2582 = 0. Calculate the greatest common divisor of l and 34.
34
Let r be (-8)/(-8) - (-50 + 5). Calculate the highest common divisor of r and 115.
23
Let f be (-2)/8 + (-2290)/(-40). Suppose -6*p = -3*p - f. Calculate the greatest common divisor of 19 and p.
19
Suppose 8 = 4*y - 20. Suppose s = 2*s + y. Let b be (-28)/(-98) - 376/s. Calculate the highest common divisor of b and 6.
6
Suppose 0 = -0*f - 2*f - 10. Let i be (4/f)/(3/(-180)). Let l(a) = 6*a**3 + a**2 - 4*a + 3. Let w be l(1). What is the greatest common factor of w and i?
6
Let a be (-8 + 5)*(-23)/3. Let f(y) = 30*y**2 + 2*y + 9 - a*y - 31*y**2. Let d be f(-9). What is the highest common divisor of d and 78?
39
Suppose -290 = 6*f - 1262. Calculate the greatest common factor of 6 and f.
6
Suppose -15 = 5*c, -4*x + c = -2*c - 509. Suppose 14*b = 9*b + x. Suppose b + 14 = 3*k. What is the highest common factor of k and 104?
13
Let a = -1229 - -1236. Let j = 89 + -33. Calculate the highest common factor of a and j.
7
Let b(t) = -t**3 + 21*t**2 + 22*t + 5. Let u be b(22). Suppose -u*w - y = -74, -2*w + 28 = 4*y - 16. Calculate the highest common divisor of w and 126.
14
Suppose -2*p + 7 = -5*a, 0 = -3*p - a - 2*a. Suppose c = -4*d - 6, -3*d - 18 = -4*c + 2*d. Calculate the highest common divisor of c and p.
1
Suppose -5*h + 5*g + 315 = 0, h + 2*g - 258 = -3*h. What is the greatest common divisor of h and 24?
8
Let o be -2*(-4 - (-1)/(-2)*-1). Let r = 66 + -45. What is the greatest common factor of o and r?
7
Suppose -4*a + 700 = -9*a. Let q be (-6 - a) + (-16)/4. Calculate the highest common factor of q and 52.
26
Suppose 17*k - 18*k + 5 = 0. Suppose -3*y + 90 = k*a, 4*y = 6*a - 3*a - 54. Calculate the highest common factor of a and 63.
9
Let g(l) = -3*l + 1. Let a be g(4). Let i = 3 - a. Let u be 21106/173 - (0 - -10). What is the greatest common factor of i and u?
14
Let z = -234 - -259. What is the greatest common divisor of 5 and z?
5
Let m(f) = -f**3 - 24*f**2 - 22*f + 45. Let c be m(-23). Let v be (242 + 0)/(0 + 1). Calculate the greatest common factor of v and c.
22
Let j be (2/1)/((-2)/(-15)). Suppose 0 = -6*o - 3*o - 63. Let t be o/(28/30)*-2. Calculate the highest common factor of t and j.
15
Let n be 5 + -3 + 4 - 5. Let z = -22 + 11. Let i = 19 + z. Calculate the highest common divisor of i and n.
1
Let n be (1 - (-30)/(-4))*-4. Suppose 2*s + 3 - 1 = 4*q, -4*s - 4 = -5*q. Let u be -3 + q - 1 - -43. What is the highest common factor of n and u?
13
Suppose -2*v = v - 2*a - 3, -3*a = 5*v - 24. Suppose 46*j + 585 = 51*j. Suppose 0*t = v*t - j. Calculate the greatest common divisor of t and 26.
13
Suppose -4*y - 4*b - 3 + 39 = 0, -12 = -3*b. Suppose 141 = 2*n + 3*f, 3*n = y*n - f - 145. What is the highest common divisor of 24 and n?
24
Let r = -26 + 66. Let t be (-3 - -1) + 0 - -62. What is the greatest common divisor of t and r?
20
Let v(g) = -53*g**2 - 4*g - 1. Let z(f) = -26*f**2 - 2*f. Let s(h) = 2*v(h) - 5*z(h). Let r be s(-4). What is the highest common divisor of r and 34?
34
Suppose 6*w = -12*w + 2646. What is the highest common factor of 3 and w?
3
Let s be (-66)/(-12*3/480). What is the highest common factor of s and 120?
40
Let o(t) = t**2 - 3*t - 8. Let i be o(6). Let u(g) = -g**2 + 5*g. Let a be u(3). Suppose 0 = i*j - a*j - 24. What is the greatest common factor of 24 and j?
6
Let k(p) = 10*p**2 + 9*p + 5. Suppose 30 = -7*o + o. Let m be k(o). What is the highest common factor of 30 and m?
30
Let d be 105/49 - (-2)/(-14). Suppose d*w + 104 = l, -l = 2*w - 5*w - 108. What is the greatest common divisor of l and 8?
8
Let s = -805 + 840. Let m be ((2 + -1)*-35)/(-1). Calculate the greatest common factor of m and s.
35
Let l(v) be the first derivative of -v**3/3 - 6*v**2 + 15*v + 8. Let o be l(-13). Suppose -o*q = -7*q + 180. Calculate the highest common factor of q and 9.
9
Suppose 19 = 2*c + 5*u - 438, -5*u - 869 = -4*c. Suppose 4*l - 56 = 3*z, -179*z + 22 = 2*l - 182*z. What is the highest common divisor of c and l?
17
Suppose 0 = -5*j, -2*k - k + 2*j = -18. Suppose 5*r = 5*f + 70, 2*r = k*f - 3*f + 30. Calculate the highest common factor of r and 18.
6
Let d(u) = 129*u + 1034. Let n be d(-8). Suppose -3*z - 2*m = -88, -105 = -z - 4*z + 5*m. Calculate the greatest common divisor of n and z.
2
Let u be (308/(-66) - -6)*(-1209)/(-2). What is the greatest common factor of u and 130?
26
Suppose -x + 31 + 214 = 0. What is the highest common factor of x and 49?
49
Let x be (-2 - -4)*1/(-2). Let j = x - -35. Calculate the highest common divisor of 17 and j.
17
Let q be -1 + 5 + -1 + 9. Suppose v + c = q, -24 = -v - 0*v + 2*c. Suppose 4*s = -4*k + 64, s = -3*s - v. What is the highest common divisor of 50 and k?
10
Let g(p) = -p**3 + 4*p**2 + 8*p - 7. Let s be g(-3). Calculate the highest common factor of 10 and s.
2
Let p = 100 + -122. Let r be (76/(-8) + -1)*p. What is the highest common divisor of 21 and r?
21
Suppose 51 = 2*f + 3. Suppose -235 = -3*s - 19. Calculate the greatest common factor of s and f.
24
Let c = 24 - 24. Suppose 5*f - 4*z - 285 =